at is the tens digit of d?
1
Suppose -f + 2 = l - 2, 3*f = 3*l + 12. Suppose -f*u + 10 = -2. Suppose -3*s - u*m + 7 = -4*m, s - 2*m + 6 = 0. What is the units digit of s?
4
Let w(l) = 13*l - 7. Let z(d) = 6*d - 3. Let p(v) = -2*w(v) + 5*z(v). Let r be p(1). Suppose -r*f = -0*f - 21. What is the units digit of f?
7
Let v be 3/(-3) + 4 + 1. Suppose v*s = 3*s + 3. Let r = s - -6. What is the units digit of r?
9
Let r = -68 + 120. What is the tens digit of r?
5
Suppose -49 = -3*c + 8. Let i = 38 - c. What is the units digit of i?
9
Let s be (-9)/6 - (-18)/4. What is the tens digit of 0/s + 27/1?
2
Let c(z) be the third derivative of -z**6/40 + z**5/30 - z**3/6 - 3*z**2. What is the units digit of c(-1)?
4
Let m be (-2)/10*(2 - 7). Suppose 3 = -g - m. Let d(j) = -j**2 - 7*j + 1. What is the tens digit of d(g)?
1
Let v(m) = 7*m - 7. Let b be v(-6). What is the units digit of 2*2*b/(-14)?
4
Let o be 112/18 + (-2)/9. Suppose 0 = -3*z - o, -37 - 1 = -4*y - z. What is the tens digit of y?
1
Suppose t - h = -2*t + 44, 0 = -4*t + h + 58. What is the units digit of -2 + 5 - t/(-2)?
0
Let o be ((-3)/6)/((-1)/(-6)). Let y = o + 4. What is the units digit of (-1*y)/(6/(-12))?
2
Let r be -1 - -2*(-1)/(-2). Let z(u) = u**2 - 3*u - 5. Let k(a) = 2*a**2 - 7*a - 9. Let h(j) = 3*k(j) - 7*z(j). What is the units digit of h(r)?
8
Let g = 21 + -19. Suppose n + 5*d = 8 + 21, -5*d + 146 = 4*n. Suppose g*u + u - n = 0. What is the units digit of u?
3
Let y = 9 - 15. Let b = y - -8. What is the units digit of b?
2
Let y(f) = -f**3 + 14*f**2 + 14. What is the tens digit of y(14)?
1
Let c = 6 + -4. Suppose -5*g + 133 = -4*q + 5*q, -5*g + 139 = -c*q. What is the tens digit of g?
2
Let q = -6 + 6. Let d be 4 + -1 + -1 + q. Suppose s + d = 4. What is the units digit of s?
2
Let i = -27 - -60. What is the tens digit of i?
3
Let s(x) = -x**3 - 7*x**2 - x - 2. Let r = 5 + -12. What is the units digit of s(r)?
5
Suppose -2*u + 75 = i + 9, -160 = -4*u + 5*i. What is the tens digit of u?
3
Let f be 12/(-2)*(-32)/12. Suppose 0 = 3*o + f - 76. What is the units digit of o?
0
Let m = -2 + 7. Let l(v) = 2 - m - 4*v + 9*v + 4. What is the units digit of l(3)?
6
Suppose -164 = b - 4*b - x, 0 = -2*b - 5*x + 105. What is the units digit of b?
5
What is the hundreds digit of (-3)/((2/2)/(2363/(-51)))?
1
Suppose -3*z + 217 + 104 = 0. What is the hundreds digit of z?
1
Suppose -46 = -5*q + 94. What is the units digit of q?
8
Suppose 5*h = -m + 3*m - 806, 5*m + 3*h - 1984 = 0. What is the hundreds digit of m?
3
Suppose -5*z + 65 = 5*d, -d + 11 = z + 2*d. Let i = -10 + z. Suppose -i*k + 6 + 13 = p, k + 11 = 2*p. What is the units digit of p?
7
Suppose -5*m + 34 = 3*l - 48, 0 = 2*l + 3*m - 55. What is the units digit of l?
9
Let c = 14 + -23. Let s(m) = m**2 + 9*m + 3. What is the units digit of s(c)?
3
Suppose 0 = 5*k - 4*v - 30, -v = 4*k + k - 5. Suppose k*s = 5*s - 18. Suppose 0 = 3*z - z - s. What is the units digit of z?
3
Let a = -80 - -119. Suppose -w - 2*w = -a. What is the tens digit of w?
1
Suppose -5*m + 14 = 4*j + 1, 4*j = 5*m + 3. Suppose 4*n - n + 39 = j*z, 3*n - 15 = -z. What is the tens digit of z?
1
Suppose 2*m = -4 + 76. What is the tens digit of m?
3
Let x(u) = -u**2 + 8*u - 7. Let s be x(6). Suppose -3*b + 3*z = -17 - 37, -s*b + 90 = 5*z. What is the tens digit of b?
1
Let o(w) = 16*w - 1. Let b be o(1). Let l = b + -5. What is the tens digit of l?
1
Suppose 2*y - 22 = 5*p, 0*y + p + 46 = 3*y. What is the units digit of 4*12/y + 24?
7
What is the units digit of 7*(-7)/(98/(-72))?
6
Suppose 13*i + 447 - 1877 = 0. What is the tens digit of i?
1
Let n(p) = 5*p**3 - 2*p**2 + p - 1. Let l be n(2). Suppose 42 = 5*a - 3*r, -2*r = -3*a + l - 7. What is the units digit of a?
6
Let s = 14 + -3. Suppose -4*g + 3*x - 27 = 0, 3*g = -5*x - 2 - 11. Let t = g + s. What is the units digit of t?
5
Let a = 7 - 3. Suppose 0 = -a*q + 6*q - 42. What is the units digit of q?
1
Suppose 197 = h - 72. What is the units digit of h?
9
Let v be ((-54)/15)/(3/(-10)). Suppose -2*j - 4 = -4*k, -2*j + 5*k = -3*j + v. What is the units digit of j?
2
Let n = 428 + -124. What is the tens digit of n?
0
Let k = -4 - 5. What is the tens digit of ((-33)/k)/((-2)/(-6))?
1
Let c(j) = j**3 + 6*j**2 - 2*j - 7. Suppose -18 = q + 2*q. What is the units digit of c(q)?
5
Let u be ((-44)/(-6))/((-2)/(-3)). Let y = u - 6. What is the units digit of ((-4)/y)/((-2)/5)?
2
Suppose -42*w + 95 = -37*w. What is the units digit of w?
9
Let y be 193/5 - 3/5. Let b = -12 + y. What is the units digit of b?
6
Let p be 4/(-18) - ((-496)/(-9))/4. Let s = -1 + 1. What is the units digit of (38 - s)*(-7)/p?
9
Suppose -2*q - q = -3*u + 51, 4*u = 5*q + 81. Let l = -4 - q. What is the units digit of l?
9
What is the units digit of 258/13 - (-12)/78?
0
Let h = -80 - -137. What is the units digit of 304/h + (-1)/3?
5
Let z(r) = 3*r. Let l be z(1). Suppose 0 = 2*d - 7 + 23. What is the units digit of ((-6)/d)/(l/12)?
3
Let v be 2/((-72)/(-34) - 2). Let b be 30/(-3)*(-1)/(-1). Let p = v + b. What is the units digit of p?
7
What is the hundreds digit of ((-772)/8)/(8/(-16))?
1
Let y(z) = -z**3 - 9*z**2 - 7*z + 9. Let j be y(-8). Let q be ((-4)/(-5))/(-2)*-20. Let r = q - j. What is the units digit of r?
7
Suppose 7 = x - 32. What is the units digit of x?
9
Suppose k = -0*k. Let j be (3 + -1)*(k - 26). Let w = -32 - j. What is the units digit of w?
0
Let z(q) = 6*q + 2. Let u be z(2). Suppose -5*o + 47 = 4*b + 2, b - 5*o = 5. Let l = u - b. What is the units digit of l?
4
Let u(c) = c + 4. Suppose 0 = -5*b - 3*m - 2, -3*b - 14 = 7*m - 2*m. Suppose -5*i = -10, -b*i = 4*g - i - 14. What is the units digit of u(g)?
7
Let t(y) = 4*y**2 + 3. Let n(x) = -x**2 - 5*x + 3. Let j be n(-5). What is the tens digit of t(j)?
3
Let s be (8/4)/(-4 - -2). Let j be (-1)/s - (1 - -1). Let f(k) = -7*k + 1. What is the units digit of f(j)?
8
Let b(y) = -2*y**2 - y + 24. Let m(z) = z**2 + z - 24. Let n(x) = -2*b(x) - 3*m(x). What is the units digit of n(0)?
4
Suppose 4*k = 8 + 24. Suppose -w - k = -5*m, -1 = m + m + w. What is the units digit of (-16)/(-10)*m*5?
8
Let n(z) = z**3 + 9*z**2 + 9*z + 3. Let u be n(-8). Let f = -4 - u. Let h = f - -2. What is the units digit of h?
3
Let m(i) = -i**3 - 5*i**2 + 9*i - 5. Let r be m(-7). Suppose -r = -g - 4. Suppose 0 = 4*k + t - 83 + g, k - 3 = -4*t. What is the tens digit of k?
1
What is the units digit of (-86)/(-5)*(-65)/(-13) - -2?
8
Let w(a) = -6*a**3 - 4*a**2 - a + 2. Let v be w(-2). Suppose -2*g = g - v. What is the tens digit of g?
1
Let i(q) = -15*q - 4. What is the units digit of i(-5)?
1
Suppose -k - 78 = -4*y, -9*k + 4*k = 2*y - 50. Suppose -a - 48 = 3*a. Let w = y + a. What is the units digit of w?
8
Let r = 4 - -8. What is the units digit of r?
2
Let g(t) = -t**2 - 8*t + 10. Let u be g(-9). Suppose 0*k - u = -k. What is the units digit of k?
1
Suppose 2*t + 147 = 5*x, -t = -3*x + 36 + 53. Suppose -s + x = -0*s - 2*v, -118 = -4*s + 5*v. What is the tens digit of s?
2
Suppose 0 = -2*i - i + 72. What is the units digit of i?
4
Let i(t) = -29*t - 21. What is the units digit of i(-6)?
3
Suppose 5*y = -671 + 2121. What is the units digit of y?
0
Let b(f) be the first derivative of -f**3/3 - 7*f**2/2 - f + 1. Let i be b(-6). Suppose 0*z = 5*z - 10, 4*z = -i*j + 63. What is the tens digit of j?
1
Let b = 11 - 6. Suppose c + b*o = 12, -5*o - 26 = -4*c - 3*o. What is the units digit of c?
7
Suppose 0 = 2*a - 3*w - 63 - 233, -2*w = a - 155. What is the hundreds digit of a?
1
Let l(j) = 2*j**2 - 4*j + 4. What is the tens digit of l(9)?
3
Let d be (-3)/(-12)*-2*0. Let v = 0 + d. Suppose z - 2 - 1 = v. What is the units digit of z?
3
Let x(a) = 2*a**2 - 11*a + 10. What is the units digit of x(8)?
0
Let c = 14 + -11. What is the units digit of c?
3
Let i(j) = -j**3 + 4*j**2 + j + 1. Let r be i(4). Suppose -9 + 4 = -r*x. What is the units digit of x?
1
Let m be (-2)/11 - 2/(-11). What is the tens digit of m + (3*10)/3?
1
Let z = 323 - 185. What is the hundreds digit of z?
1
Suppose 3*m + l = -2*l + 6, -5*m = -5*l - 50. Suppose 0 = 2*d - m*d + 148. What is the tens digit of d?
3
Suppose -15 = 2*z - 7*z. Let b(k) = k**3 + 3*k**2 + k - 2. Let v be b(-2). Suppose 0 = c - v*c - z. What is the units digit of c?
3
Suppose -4*v = -2*